[INFO] cloning repository https://github.com/gaborigloi/glium_plus_piston
[INFO] running `Command { std: "git" "-c" "credential.helper=" "-c" "credential.helper=/workspace/cargo-home/bin/git-credential-null" "clone" "--bare" "https://github.com/gaborigloi/glium_plus_piston" "/workspace/cache/git-repos/https%3A%2F%2Fgithub.com%2Fgaborigloi%2Fglium_plus_piston", kill_on_drop: false }`
[INFO] [stderr] Cloning into bare repository '/workspace/cache/git-repos/https%3A%2F%2Fgithub.com%2Fgaborigloi%2Fglium_plus_piston'...
[INFO] running `Command { std: "git" "rev-parse" "HEAD", kill_on_drop: false }`
[INFO] [stdout] b1d93c269777d9ee353e4f726a19ff5f15dd89b7
[INFO] checking gaborigloi/glium_plus_piston against master#af3c6e733a40e671550e0f0f5aeecaa13772ba56 for pr-74989
[INFO] running `Command { std: "git" "clone" "/workspace/cache/git-repos/https%3A%2F%2Fgithub.com%2Fgaborigloi%2Fglium_plus_piston" "/workspace/builds/worker-2/source", kill_on_drop: false }`
[INFO] [stderr] Cloning into '/workspace/builds/worker-2/source'...
[INFO] [stderr] done.
[INFO] validating manifest of git repo https://github.com/gaborigloi/glium_plus_piston on toolchain af3c6e733a40e671550e0f0f5aeecaa13772ba56
[INFO] running `Command { std: "/workspace/cargo-home/bin/cargo" "+af3c6e733a40e671550e0f0f5aeecaa13772ba56" "read-manifest" "--manifest-path" "Cargo.toml", kill_on_drop: false }`
[INFO] started tweaking git repo https://github.com/gaborigloi/glium_plus_piston
[INFO] finished tweaking git repo https://github.com/gaborigloi/glium_plus_piston
[INFO] tweaked toml for git repo https://github.com/gaborigloi/glium_plus_piston written to /workspace/builds/worker-2/source/Cargo.toml
[INFO] crate git repo https://github.com/gaborigloi/glium_plus_piston already has a lockfile, it will not be regenerated
[INFO] running `Command { std: "/workspace/cargo-home/bin/cargo" "+af3c6e733a40e671550e0f0f5aeecaa13772ba56" "fetch" "--locked" "--manifest-path" "Cargo.toml", kill_on_drop: false }`
[INFO] [stderr] error: the lock file /workspace/builds/worker-2/source/Cargo.lock needs to be updated but --locked was passed to prevent this
[INFO] [stderr] If you want to try to generate the lock file without accessing the network, use the --offline flag.
[INFO] the lockfile is outdated, regenerating it
[INFO] running `Command { std: "/workspace/cargo-home/bin/cargo" "+af3c6e733a40e671550e0f0f5aeecaa13772ba56" "generate-lockfile" "--manifest-path" "Cargo.toml" "-Zno-index-update", kill_on_drop: false }`
[INFO] running `Command { std: "/workspace/cargo-home/bin/cargo" "+af3c6e733a40e671550e0f0f5aeecaa13772ba56" "fetch" "--locked" "--manifest-path" "Cargo.toml", kill_on_drop: false }`
[INFO] running `Command { std: "docker" "create" "-v" "/var/lib/crater-agent-workspace/builds/worker-2/target:/opt/rustwide/target:rw,Z" "-v" "/var/lib/crater-agent-workspace/builds/worker-2/source:/opt/rustwide/workdir:ro,Z" "-v" "/var/lib/crater-agent-workspace/cargo-home:/opt/rustwide/cargo-home:ro,Z" "-v" "/var/lib/crater-agent-workspace/rustup-home:/opt/rustwide/rustup-home:ro,Z" "-e" "SOURCE_DIR=/opt/rustwide/workdir" "-e" "CARGO_TARGET_DIR=/opt/rustwide/target" "-e" "CARGO_HOME=/opt/rustwide/cargo-home" "-e" "RUSTUP_HOME=/opt/rustwide/rustup-home" "-w" "/opt/rustwide/workdir" "-m" "1610612736" "--user" "0:0" "--network" "none" "rustops/crates-build-env@sha256:d92eaeed33fa75130ca1ee6c8a01d1ffb62bac859dfdfb3450e3e5d1c0146529" "/opt/rustwide/cargo-home/bin/cargo" "+af3c6e733a40e671550e0f0f5aeecaa13772ba56" "metadata" "--no-deps" "--format-version=1", kill_on_drop: false }`
[INFO] [stdout] 5fe74969bdffb6ab09008f84f9cdb4c164fd973115b33628423764d682ea8efe
[INFO] [stderr] WARNING: Your kernel does not support swap limit capabilities or the cgroup is not mounted. Memory limited without swap.
[INFO] running `Command { std: "docker" "start" "-a" "5fe74969bdffb6ab09008f84f9cdb4c164fd973115b33628423764d682ea8efe", kill_on_drop: false }`
[INFO] running `Command { std: "docker" "inspect" "5fe74969bdffb6ab09008f84f9cdb4c164fd973115b33628423764d682ea8efe", kill_on_drop: false }`
[INFO] running `Command { std: "docker" "rm" "-f" "5fe74969bdffb6ab09008f84f9cdb4c164fd973115b33628423764d682ea8efe", kill_on_drop: false }`
[INFO] [stdout] 5fe74969bdffb6ab09008f84f9cdb4c164fd973115b33628423764d682ea8efe
[INFO] running `Command { std: "docker" "create" "-v" "/var/lib/crater-agent-workspace/builds/worker-2/target:/opt/rustwide/target:rw,Z" "-v" "/var/lib/crater-agent-workspace/builds/worker-2/source:/opt/rustwide/workdir:ro,Z" "-v" "/var/lib/crater-agent-workspace/cargo-home:/opt/rustwide/cargo-home:ro,Z" "-v" "/var/lib/crater-agent-workspace/rustup-home:/opt/rustwide/rustup-home:ro,Z" "-e" "SOURCE_DIR=/opt/rustwide/workdir" "-e" "CARGO_TARGET_DIR=/opt/rustwide/target" "-e" "CARGO_INCREMENTAL=0" "-e" "RUST_BACKTRACE=full" "-e" "RUSTFLAGS=--cap-lints=forbid" "-e" "CARGO_HOME=/opt/rustwide/cargo-home" "-e" "RUSTUP_HOME=/opt/rustwide/rustup-home" "-w" "/opt/rustwide/workdir" "-m" "1610612736" "--user" "0:0" "--network" "none" "rustops/crates-build-env@sha256:d92eaeed33fa75130ca1ee6c8a01d1ffb62bac859dfdfb3450e3e5d1c0146529" "/opt/rustwide/cargo-home/bin/cargo" "+af3c6e733a40e671550e0f0f5aeecaa13772ba56" "check" "--frozen" "--all" "--all-targets" "--message-format=json", kill_on_drop: false }`
[INFO] [stdout] 9ef2c3260c3c80b2133d9bae4b9ac20fddf997ab7f834c1f36d31ae218834fc6
[INFO] [stderr] WARNING: Your kernel does not support swap limit capabilities or the cgroup is not mounted. Memory limited without swap.
[INFO] running `Command { std: "docker" "start" "-a" "9ef2c3260c3c80b2133d9bae4b9ac20fddf997ab7f834c1f36d31ae218834fc6", kill_on_drop: false }`
[INFO] [stderr]    Compiling autocfg v1.0.1
[INFO] [stderr]     Checking cfg-if v0.1.10
[INFO] [stderr]    Compiling libc v0.2.77
[INFO] [stderr]    Compiling xml-rs v0.8.3
[INFO] [stderr]    Compiling log v0.4.11
[INFO] [stderr]     Checking lazy_static v1.4.0
[INFO] [stderr]    Compiling bitflags v1.2.1
[INFO] [stderr]    Compiling proc-macro2 v0.4.30
[INFO] [stderr]    Compiling unicode-xid v0.1.0
[INFO] [stderr]    Compiling byteorder v1.3.4
[INFO] [stderr]    Compiling maybe-uninit v2.0.0
[INFO] [stderr]    Compiling nix v0.14.1
[INFO] [stderr]     Checking void v1.0.2
[INFO] [stderr]     Checking scopeguard v1.1.0
[INFO] [stderr]     Checking downcast-rs v1.2.0
[INFO] [stderr]    Compiling semver-parser v0.7.0
[INFO] [stderr]    Compiling pkg-config v0.3.18
[INFO] [stderr]    Compiling proc-macro2 v1.0.21
[INFO] [stderr]    Compiling unicode-xid v0.2.1
[INFO] [stderr]     Checking slab v0.4.2
[INFO] [stderr]     Checking lazycell v1.3.0
[INFO] [stderr]    Compiling serde_derive v1.0.116
[INFO] [stderr]    Compiling serde v1.0.116
[INFO] [stderr]    Compiling cc v1.0.59
[INFO] [stderr]     Checking smallvec v1.4.2
[INFO] [stderr]     Checking percent-encoding v2.1.0
[INFO] [stderr]     Checking adler32 v1.2.0
[INFO] [stderr]     Checking gimli v0.22.0
[INFO] [stderr]     Checking adler v0.2.3
[INFO] [stderr]     Checking fnv v1.0.7
[INFO] [stderr]     Checking object v0.20.0
[INFO] [stderr]     Checking rustc-demangle v0.1.16
[INFO] [stderr]     Checking read_color v1.0.0
[INFO] [stderr]     Checking bytemuck v1.4.1
[INFO] [stderr]     Checking piston-texture v0.8.0
[INFO] [stderr]     Checking interpolation v0.2.0
[INFO] [stderr]     Checking piston-shaders_graphics2d v0.3.1
[INFO] [stderr]     Checking lock_api v0.3.4
[INFO] [stderr]     Checking vecmath v1.0.0
[INFO] [stderr]    Compiling semver v0.9.0
[INFO] [stderr]     Checking miniz_oxide v0.3.7
[INFO] [stderr]     Checking libloading v0.6.3
[INFO] [stderr]     Checking crc32fast v1.2.0
[INFO] [stderr]    Compiling num-traits v0.2.12
[INFO] [stderr]    Compiling memoffset v0.5.5
[INFO] [stderr]    Compiling crossbeam-utils v0.7.2
[INFO] [stderr]    Compiling crossbeam-epoch v0.8.2
[INFO] [stderr]    Compiling num-integer v0.1.43
[INFO] [stderr]    Compiling miniz_oxide v0.4.2
[INFO] [stderr]    Compiling rayon v1.4.0
[INFO] [stderr]    Compiling num-rational v0.3.0
[INFO] [stderr]    Compiling num-iter v0.1.41
[INFO] [stderr]     Checking smallvec v0.6.13
[INFO] [stderr]    Compiling rustc_version v0.2.3
[INFO] [stderr]     Checking dlib v0.4.2
[INFO] [stderr]    Compiling gl_generator v0.14.0
[INFO] [stderr]    Compiling gl_generator v0.10.0
[INFO] [stderr]    Compiling x11-dl v2.18.5
[INFO] [stderr]     Checking stb_truetype v0.3.1
[INFO] [stderr]     Checking deflate v0.8.6
[INFO] [stderr]     Checking tiff v0.5.0
[INFO] [stderr]    Compiling quote v0.6.13
[INFO] [stderr]    Compiling quote v1.0.7
[INFO] [stderr]     Checking wayland-sys v0.21.13
[INFO] [stderr]     Checking wayland-sys v0.23.6
[INFO] [stderr]     Checking iovec v0.1.4
[INFO] [stderr]     Checking memmap v0.7.0
[INFO] [stderr]     Checking net2 v0.2.35
[INFO] [stderr]     Checking raw-window-handle v0.3.3
[INFO] [stderr]     Checking shared_library v0.1.9
[INFO] [stderr]     Checking num_cpus v1.13.0
[INFO] [stderr]     Checking parking_lot_core v0.7.2
[INFO] [stderr]    Compiling parking_lot_core v0.6.2
[INFO] [stderr]    Compiling parking_lot v0.9.0
[INFO] [stderr]    Compiling wayland-scanner v0.21.13
[INFO] [stderr]    Compiling wayland-scanner v0.23.6
[INFO] [stderr]     Checking png v0.16.7
[INFO] [stderr]    Compiling syn v1.0.40
[INFO] [stderr]     Checking osmesa-sys v0.1.2
[INFO] [stderr]     Checking mio v0.6.22
[INFO] [stderr]     Checking parking_lot v0.10.2
[INFO] [stderr]    Compiling libloading v0.5.2
[INFO] [stderr]     Checking crossbeam-channel v0.4.4
[INFO] [stderr]     Checking ordered-float v1.1.0
[INFO] [stderr]     Checking approx v0.3.2
[INFO] [stderr]     Checking line_drawing v0.7.0
[INFO] [stderr]    Compiling gl v0.11.0
[INFO] [stderr]     Checking crossbeam-deque v0.7.3
[INFO] [stderr]    Compiling glutin_glx_sys v0.1.7
[INFO] [stderr]    Compiling glutin_egl_sys v0.1.5
[INFO] [stderr]    Compiling glium v0.26.0
[INFO] [stderr]    Compiling glium v0.27.0
[INFO] [stderr]     Checking rusttype v0.8.3
[INFO] [stderr]     Checking mio-extras v2.0.6
[INFO] [stderr]     Checking addr2line v0.13.0
[INFO] [stderr]     Checking rayon-core v1.8.0
[INFO] [stderr]     Checking rusttype v0.7.9
[INFO] [stderr]     Checking piston2d-graphics v0.37.0
[INFO] [stderr]     Checking backtrace v0.3.50
[INFO] [stderr]     Checking andrew v0.2.1
[INFO] [stderr]    Compiling wayland-client v0.21.13
[INFO] [stderr]    Compiling wayland-protocols v0.21.13
[INFO] [stderr]    Compiling wayland-client v0.23.6
[INFO] [stderr]    Compiling wayland-protocols v0.23.6
[INFO] [stderr]     Checking wayland-commons v0.21.13
[INFO] [stderr]     Checking calloop v0.4.4
[INFO] [stderr]     Checking wayland-commons v0.23.6
[INFO] [stderr]     Checking jpeg-decoder v0.1.20
[INFO] [stderr]     Checking image v0.23.9
[INFO] [stderr]     Checking smithay-client-toolkit v0.6.6
[INFO] [stderr]     Checking smithay-client-toolkit v0.4.6
[INFO] [stderr]     Checking pistoncore-input v1.0.0
[INFO] [stderr]     Checking winit v0.19.5
[INFO] [stderr]     Checking winit v0.22.2
[INFO] [stderr]     Checking pistoncore-window v0.47.0
[INFO] [stderr]     Checking pistoncore-event_loop v0.52.0
[INFO] [stderr]     Checking glutin v0.21.2
[INFO] [stderr]     Checking piston v0.52.0
[INFO] [stderr]     Checking pistoncore-glutin_window v0.66.0
[INFO] [stderr]     Checking glutin v0.24.1
[INFO] [stderr]     Checking piston2d-glium_graphics v0.80.0
[INFO] [stderr]     Checking glium_plus_piston v0.1.0 (/opt/rustwide/workdir)
[INFO] [stdout] error[E0432]: unresolved import `glium::DisplayBuild`
[INFO] [stdout]   --> src/bin/glium_plus_piston2d-glium_graphics.rs:17:17
[INFO] [stdout]    |
[INFO] [stdout] 17 |     use glium::{DisplayBuild, Surface };
[INFO] [stdout]    |                 ^^^^^^^^^^^^ no `DisplayBuild` in the root
[INFO] [stdout] 
[INFO] [stdout] 
[INFO] [stdout] error[E0433]: failed to resolve: could not find `Event` in `glutin`
[INFO] [stdout]   --> src/bin/glium_plus_piston2d-glium_graphics.rs:58:32
[INFO] [stdout]    |
[INFO] [stdout] 58 |                 glium::glutin::Event::Closed => return,
[INFO] [stdout]    |                                ^^^^^ could not find `Event` in `glutin`
[INFO] [stdout] 
[INFO] [stdout] 
[INFO] [stdout] error[E0433]: failed to resolve: could not find `Event` in `glutin`
[INFO] [stdout]   --> src/bin/glium_plus_piston2d-glium_graphics.rs:59:32
[INFO] [stdout]    |
[INFO] [stdout] 59 |                 glium::glutin::Event::Refresh => {
[INFO] [stdout]    |                                ^^^^^ could not find `Event` in `glutin`
[INFO] [stdout] 
[INFO] [stdout] 
[INFO] [stdout] error[E0433]: failed to resolve: could not find `WindowBuilder` in `glutin`
[INFO] [stdout]   --> src/bin/glium_plus_piston2d-glium_graphics.rs:29:34
[INFO] [stdout]    |
[INFO] [stdout] 29 |     let display = glium::glutin::WindowBuilder::new().with_dimensions(w, h).build_glium().unwrap();
[INFO] [stdout]    |                                  ^^^^^^^^^^^^^ not found in `glium::glutin`
[INFO] [stdout]    |
[INFO] [stdout] help: consider importing this struct
[INFO] [stdout]    |
[INFO] [stdout] 9  | use glium::glutin::window::WindowBuilder;
[INFO] [stdout]    |
[INFO] [stdout] 
[INFO] [stdout] 
[INFO] [stdout] error[E0308]: mismatched types
[INFO] [stdout]   --> src/bin/glium_plus_piston2d-glium_graphics.rs:26:23
[INFO] [stdout]    |
[INFO] [stdout] 26 |         window_size: [w, h]
[INFO] [stdout]    |                       ^ expected `f64`, found `u32`
[INFO] [stdout]    |
[INFO] [stdout] help: you can convert an `u32` to `f64`, producing the floating point representation of the integer
[INFO] [stdout]    |
[INFO] [stdout] 26 |         window_size: [w.into(), h]
[INFO] [stdout]    |                       ^^^^^^^^
[INFO] [stdout] 
[INFO] [stdout] 
[INFO] [stdout] warning: unused import: `Surface`
[INFO] [stdout]   --> src/bin/glium_plus_piston2d-glium_graphics.rs:17:31
[INFO] [stdout]    |
[INFO] [stdout] 17 |     use glium::{DisplayBuild, Surface };
[INFO] [stdout]    |                               ^^^^^^^
[INFO] [stdout]    |
[INFO] [stdout]    = note: `#[warn(unused_imports)]` on by default
[INFO] [stdout] 
[INFO] [stdout] 
[INFO] [stdout] warning: unused import: `glium::backend::Facade`
[INFO] [stdout]   --> src/bin/glium_plus_piston2d-glium_graphics.rs:18:9
[INFO] [stdout]    |
[INFO] [stdout] 18 |     use glium::backend::Facade;
[INFO] [stdout]    |         ^^^^^^^^^^^^^^^^^^^^^^
[INFO] [stdout] 
[INFO] [stdout] 
[INFO] [stdout] error: aborting due to 5 previous errors; 2 warnings emitted
[INFO] [stdout] 
[INFO] [stdout] 
[INFO] [stdout] Some errors have detailed explanations: E0308, E0432, E0433.
[INFO] [stdout] 
[INFO] [stdout] For more information about an error, try `rustc --explain E0308`.
[INFO] [stdout] 
[INFO] [stderr] error: could not compile `glium_plus_piston`.
[INFO] [stderr] 
[INFO] [stderr] To learn more, run the command again with --verbose.
[INFO] [stderr] warning: build failed, waiting for other jobs to finish...
[INFO] [stdout] error[E0432]: unresolved import `glium::DisplayBuild`
[INFO] [stdout]   --> src/bin/glium_plus_piston2d-glium_graphics.rs:17:17
[INFO] [stdout]    |
[INFO] [stdout] 17 |     use glium::{DisplayBuild, Surface };
[INFO] [stdout]    |                 ^^^^^^^^^^^^ no `DisplayBuild` in the root
[INFO] [stdout] 
[INFO] [stdout] 
[INFO] [stdout] error[E0433]: failed to resolve: could not find `Event` in `glutin`
[INFO] [stdout]   --> src/bin/glium_plus_piston2d-glium_graphics.rs:58:32
[INFO] [stdout]    |
[INFO] [stdout] 58 |                 glium::glutin::Event::Closed => return,
[INFO] [stdout]    |                                ^^^^^ could not find `Event` in `glutin`
[INFO] [stdout] 
[INFO] [stdout] 
[INFO] [stdout] error[E0433]: failed to resolve: could not find `Event` in `glutin`
[INFO] [stdout]   --> src/bin/glium_plus_piston2d-glium_graphics.rs:59:32
[INFO] [stdout]    |
[INFO] [stdout] 59 |                 glium::glutin::Event::Refresh => {
[INFO] [stdout]    |                                ^^^^^ could not find `Event` in `glutin`
[INFO] [stdout] 
[INFO] [stdout] 
[INFO] [stdout] error[E0433]: failed to resolve: could not find `WindowBuilder` in `glutin`
[INFO] [stdout]   --> src/bin/glium_plus_piston2d-glium_graphics.rs:29:34
[INFO] [stdout]    |
[INFO] [stdout] 29 |     let display = glium::glutin::WindowBuilder::new().with_dimensions(w, h).build_glium().unwrap();
[INFO] [stdout]    |                                  ^^^^^^^^^^^^^ not found in `glium::glutin`
[INFO] [stdout]    |
[INFO] [stdout] help: consider importing this struct
[INFO] [stdout]    |
[INFO] [stdout] 9  | use glium::glutin::window::WindowBuilder;
[INFO] [stdout]    |
[INFO] [stdout] 
[INFO] [stdout] 
[INFO] [stdout] error[E0308]: mismatched types
[INFO] [stdout]   --> src/bin/glium_plus_piston2d-glium_graphics.rs:26:23
[INFO] [stdout]    |
[INFO] [stdout] 26 |         window_size: [w, h]
[INFO] [stdout]    |                       ^ expected `f64`, found `u32`
[INFO] [stdout]    |
[INFO] [stdout] help: you can convert an `u32` to `f64`, producing the floating point representation of the integer
[INFO] [stdout]    |
[INFO] [stdout] 26 |         window_size: [w.into(), h]
[INFO] [stdout]    |                       ^^^^^^^^
[INFO] [stdout] 
[INFO] [stdout] 
[INFO] [stdout] warning: unused import: `Surface`
[INFO] [stdout]   --> src/bin/glium_plus_piston2d-glium_graphics.rs:17:31
[INFO] [stdout]    |
[INFO] [stdout] 17 |     use glium::{DisplayBuild, Surface };
[INFO] [stdout]    |                               ^^^^^^^
[INFO] [stdout]    |
[INFO] [stdout]    = note: `#[warn(unused_imports)]` on by default
[INFO] [stdout] 
[INFO] [stdout] 
[INFO] [stdout] warning: unused import: `glium::backend::Facade`
[INFO] [stdout]   --> src/bin/glium_plus_piston2d-glium_graphics.rs:18:9
[INFO] [stdout]    |
[INFO] [stdout] 18 |     use glium::backend::Facade;
[INFO] [stdout]    |         ^^^^^^^^^^^^^^^^^^^^^^
[INFO] [stdout] 
[INFO] [stdout] 
[INFO] [stdout] error: aborting due to 5 previous errors; 2 warnings emitted
[INFO] [stdout] 
[INFO] [stdout] 
[INFO] [stdout] Some errors have detailed explanations: E0308, E0432, E0433.
[INFO] [stdout] 
[INFO] [stdout] For more information about an error, try `rustc --explain E0308`.
[INFO] [stdout] 
[INFO] [stdout] error[E0599]: no method named `opengl` found for struct `WindowSettings` in the current scope
[INFO] [stdout]   --> src/bin/piston2d_glium-graphics_plus_glium.rs:20:28
[INFO] [stdout]    |
[INFO] [stdout] 20 |         .exit_on_esc(true).opengl(opengl).build().unwrap();
[INFO] [stdout]    |                            ^^^^^^ method not found in `WindowSettings`
[INFO] [stdout] 
[INFO] [stdout] 
[INFO] [stdout] error[E0308]: mismatched types
[INFO] [stdout]   --> src/bin/piston2d_glium-graphics_plus_glium.rs:18:9
[INFO] [stdout]    |
[INFO] [stdout] 18 |     let ref mut window: GliumWindow =
[INFO] [stdout]    |         ^^^^^^^^^^^^^^  ----------- expected due to this
[INFO] [stdout]    |         |
[INFO] [stdout]    |         expected `&mut GliumWindow`, found struct `GliumWindow`
[INFO] [stdout]    |
[INFO] [stdout]    = note: expected mutable reference `&mut GliumWindow`
[INFO] [stdout]                          found struct `GliumWindow`
[INFO] [stdout] 
[INFO] [stdout] 
[INFO] [stdout] error[E0308]: mismatched types
[INFO] [stdout]   --> src/bin/piston2d_glium-graphics_plus_glium.rs:35:50
[INFO] [stdout]    |
[INFO] [stdout] 35 |     let vertex_buffer = glium::VertexBuffer::new(window, &shape).unwrap();
[INFO] [stdout]    |                                                  ^^^^^^
[INFO] [stdout]    |                                                  |
[INFO] [stdout]    |                                                  expected reference, found struct `GliumWindow`
[INFO] [stdout]    |                                                  help: consider borrowing here: `&window`
[INFO] [stdout]    |
[INFO] [stdout]    = note: expected reference `&_`
[INFO] [stdout]                  found struct `GliumWindow`
[INFO] [stdout] 
[INFO] [stdout] 
[INFO] [stdout] error[E0308]: mismatched types
[INFO] [stdout]   --> src/bin/piston2d_glium-graphics_plus_glium.rs:39:47
[INFO] [stdout]    |
[INFO] [stdout] 39 |     let program = glium::Program::from_source(window, vertex_shader_src, fragment_shader_src, None).unwrap();
[INFO] [stdout]    |                                               ^^^^^^
[INFO] [stdout]    |                                               |
[INFO] [stdout]    |                                               expected reference, found struct `GliumWindow`
[INFO] [stdout]    |                                               help: consider borrowing here: `&window`
[INFO] [stdout]    |
[INFO] [stdout]    = note: expected reference `&_`
[INFO] [stdout]                  found struct `GliumWindow`
[INFO] [stdout] 
[INFO] [stdout] 
[INFO] [stdout] error[E0308]: mismatched types
[INFO] [stdout]   --> src/bin/piston2d_glium-graphics_plus_glium.rs:42:40
[INFO] [stdout]    |
[INFO] [stdout] 42 |     let mut g2d = Glium2d::new(opengl, window);
[INFO] [stdout]    |                                        ^^^^^^
[INFO] [stdout]    |                                        |
[INFO] [stdout]    |                                        expected reference, found struct `GliumWindow`
[INFO] [stdout]    |                                        help: consider borrowing here: `&window`
[INFO] [stdout]    |
[INFO] [stdout]    = note: expected reference `&_`
[INFO] [stdout]                  found struct `GliumWindow`
[INFO] [stdout] 
[INFO] [stdout] 
[INFO] [stdout] error[E0599]: no method named `draw` found for struct `glium::Frame` in the current scope
[INFO] [stdout]   --> src/bin/piston2d_glium-graphics_plus_glium.rs:58:20
[INFO] [stdout]    |
[INFO] [stdout] 58 |             target.draw(&vertex_buffer, &indices, &program, &glium::uniforms::EmptyUniforms,
[INFO] [stdout]    |                    ^^^^ method not found in `glium::Frame`
[INFO] [stdout]    |
[INFO] [stdout]    = help: items from traits can only be used if the trait is in scope
[INFO] [stdout] help: the following trait is implemented but not in scope; perhaps add a `use` for it:
[INFO] [stdout]    |
[INFO] [stdout] 7  | use glium::Surface;
[INFO] [stdout]    |
[INFO] [stdout] 
[INFO] [stdout] 
[INFO] [stdout] warning: unused import: `glium::Surface`
[INFO] [stdout]  --> src/bin/piston2d_glium-graphics_plus_glium.rs:7:5
[INFO] [stdout]   |
[INFO] [stdout] 7 | use glium::Surface;
[INFO] [stdout]   |     ^^^^^^^^^^^^^^
[INFO] [stdout]   |
[INFO] [stdout]   = note: `#[warn(unused_imports)]` on by default
[INFO] [stdout] 
[INFO] [stdout] 
[INFO] [stdout] error: aborting due to 6 previous errors; 1 warning emitted
[INFO] [stdout] 
[INFO] [stdout] 
[INFO] [stdout] Some errors have detailed explanations: E0308, E0599.
[INFO] [stdout] 
[INFO] [stdout] For more information about an error, try `rustc --explain E0308`.
[INFO] [stdout] 
[INFO] [stdout] error[E0599]: no method named `opengl` found for struct `WindowSettings` in the current scope
[INFO] [stdout]   --> src/bin/piston2d_glium-graphics_plus_glium.rs:20:28
[INFO] [stdout]    |
[INFO] [stdout] 20 |         .exit_on_esc(true).opengl(opengl).build().unwrap();
[INFO] [stdout]    |                            ^^^^^^ method not found in `WindowSettings`
[INFO] [stdout] 
[INFO] [stdout] 
[INFO] [stdout] error[E0308]: mismatched types
[INFO] [stdout]   --> src/bin/piston2d_glium-graphics_plus_glium.rs:18:9
[INFO] [stdout]    |
[INFO] [stdout] 18 |     let ref mut window: GliumWindow =
[INFO] [stdout]    |         ^^^^^^^^^^^^^^  ----------- expected due to this
[INFO] [stdout]    |         |
[INFO] [stdout]    |         expected `&mut GliumWindow`, found struct `GliumWindow`
[INFO] [stdout]    |
[INFO] [stdout]    = note: expected mutable reference `&mut GliumWindow`
[INFO] [stdout]                          found struct `GliumWindow`
[INFO] [stdout] 
[INFO] [stdout] 
[INFO] [stdout] error[E0308]: mismatched types
[INFO] [stdout]   --> src/bin/piston2d_glium-graphics_plus_glium.rs:35:50
[INFO] [stdout]    |
[INFO] [stdout] 35 |     let vertex_buffer = glium::VertexBuffer::new(window, &shape).unwrap();
[INFO] [stdout]    |                                                  ^^^^^^
[INFO] [stdout]    |                                                  |
[INFO] [stdout]    |                                                  expected reference, found struct `GliumWindow`
[INFO] [stdout]    |                                                  help: consider borrowing here: `&window`
[INFO] [stdout]    |
[INFO] [stdout]    = note: expected reference `&_`
[INFO] [stdout]                  found struct `GliumWindow`
[INFO] [stdout] 
[INFO] [stdout] 
[INFO] [stdout] error[E0308]: mismatched types
[INFO] [stdout]   --> src/bin/piston2d_glium-graphics_plus_glium.rs:39:47
[INFO] [stdout]    |
[INFO] [stdout] 39 |     let program = glium::Program::from_source(window, vertex_shader_src, fragment_shader_src, None).unwrap();
[INFO] [stdout]    |                                               ^^^^^^
[INFO] [stdout]    |                                               |
[INFO] [stdout]    |                                               expected reference, found struct `GliumWindow`
[INFO] [stdout]    |                                               help: consider borrowing here: `&window`
[INFO] [stdout]    |
[INFO] [stdout]    = note: expected reference `&_`
[INFO] [stdout]                  found struct `GliumWindow`
[INFO] [stdout] 
[INFO] [stdout] 
[INFO] [stdout] error[E0308]: mismatched types
[INFO] [stdout]   --> src/bin/piston2d_glium-graphics_plus_glium.rs:42:40
[INFO] [stdout]    |
[INFO] [stdout] 42 |     let mut g2d = Glium2d::new(opengl, window);
[INFO] [stdout]    |                                        ^^^^^^
[INFO] [stdout]    |                                        |
[INFO] [stdout]    |                                        expected reference, found struct `GliumWindow`
[INFO] [stdout]    |                                        help: consider borrowing here: `&window`
[INFO] [stdout]    |
[INFO] [stdout]    = note: expected reference `&_`
[INFO] [stdout]                  found struct `GliumWindow`
[INFO] [stdout] 
[INFO] [stdout] 
[INFO] [stdout] error[E0599]: no method named `draw` found for struct `glium::Frame` in the current scope
[INFO] [stdout]   --> src/bin/piston2d_glium-graphics_plus_glium.rs:58:20
[INFO] [stdout]    |
[INFO] [stdout] 58 |             target.draw(&vertex_buffer, &indices, &program, &glium::uniforms::EmptyUniforms,
[INFO] [stdout]    |                    ^^^^ method not found in `glium::Frame`
[INFO] [stdout]    |
[INFO] [stdout]    = help: items from traits can only be used if the trait is in scope
[INFO] [stdout] help: the following trait is implemented but not in scope; perhaps add a `use` for it:
[INFO] [stdout]    |
[INFO] [stdout] 7  | use glium::Surface;
[INFO] [stdout]    |
[INFO] [stdout] 
[INFO] [stdout] 
[INFO] [stdout] warning: unused import: `glium::Surface`
[INFO] [stdout]  --> src/bin/piston2d_glium-graphics_plus_glium.rs:7:5
[INFO] [stdout]   |
[INFO] [stdout] 7 | use glium::Surface;
[INFO] [stdout]   |     ^^^^^^^^^^^^^^
[INFO] [stdout]   |
[INFO] [stdout]   = note: `#[warn(unused_imports)]` on by default
[INFO] [stdout] 
[INFO] [stdout] 
[INFO] [stdout] error: aborting due to 6 previous errors; 1 warning emitted
[INFO] [stdout] 
[INFO] [stdout] 
[INFO] [stdout] Some errors have detailed explanations: E0308, E0599.
[INFO] [stdout] 
[INFO] [stdout] For more information about an error, try `rustc --explain E0308`.
[INFO] [stdout] 
[INFO] [stderr] error: build failed
[INFO] running `Command { std: "docker" "inspect" "9ef2c3260c3c80b2133d9bae4b9ac20fddf997ab7f834c1f36d31ae218834fc6", kill_on_drop: false }`
[INFO] running `Command { std: "docker" "rm" "-f" "9ef2c3260c3c80b2133d9bae4b9ac20fddf997ab7f834c1f36d31ae218834fc6", kill_on_drop: false }`
[INFO] [stdout] 9ef2c3260c3c80b2133d9bae4b9ac20fddf997ab7f834c1f36d31ae218834fc6
